-l - 0*l, -4*u - 74 = -l. What are the prime factors of l?
2, 3, 5
Let f(t) = 219*t**2 + 3*t - 3. What are the prime factors of f(1)?
3, 73
Let s be ((-2 - -1) + 2)*6. List the prime factors of ((-27)/s)/((-9)/24).
2, 3
Let t = -11 - -1. List the prime factors of (-154)/t - (-8)/(-20).
3, 5
Suppose 17*n + 560 = 21*n. List the prime factors of n.
2, 5, 7
Let a(m) = 5*m**2 - 4*m - 5. What are the prime factors of a(5)?
2, 5
Suppose 0*j - 40 = -4*j. Suppose -j = -4*q + 2*q. Suppose -51 = -q*k - 11. List the prime factors of k.
2
Let h(l) = 4*l - 34. List the prime factors of h(12).
2, 7
Let h = -61 + 72. What are the prime factors of h?
11
Let q(u) = -u**3 - 15*u**2 + 3. Let p be q(-15). Suppose -2*f - 6 - 2 = 0, 192 = 4*j - p*f. What are the prime factors of j?
3, 5
Let u(c) = 23*c**2 + 8*c - 2. List the prime factors of u(-4).
2, 167
What are the prime factors of -2*(570/4)/(-3)?
5, 19
Suppose -4*y - 4 = 0, z - 3*y - y + 11 = 0. Let h = 10 - z. List the prime factors of h.
5
Suppose 0 = -5*p - 5*r + 3*r, -r + 3 = p. List the prime factors of ((-15)/(-2))/(p/(-4)).
3, 5
Suppose 0 = -5*b + 4*a + 225, 3*b + 2*b + 3*a - 190 = 0. Suppose -b = -3*j + 7. What are the prime factors of j?
2
Suppose -4*z - y + 13 = 0, -z - 3*y + 22 = y. Suppose 2*j - 4*n = -2*j + 16, 4*j + 5*n = -z. List the prime factors of j.
2
List the prime factors of (5 - 6) + (2 - -99).
2, 5
Let w = -4 - -4. Suppose -4*m = -w - 8. Suppose m*t + 6 = 20. List the prime factors of t.
7
Let f be (1 + 0)/(7/(-14)). List the prime factors of (-2)/(f*(-3)/(-33)).
11
Let m(v) = v + 1. Let k be m(8). Let f = k - 5. Suppose -3*t + f = -5. What are the prime factors of t?
3
Suppose 5*a + 2*x - 808 = a, x + 1010 = 5*a. What are the prime factors of a?
2, 101
Let r = 8 - 4. Suppose 3*u = -w - 9, -4*w - 4*u + 9 = 37. List the prime factors of (-34)/w + r/(-6).
5
Let w(d) = -d**3 + 8*d**2 + 6*d + 13. Let m be w(9). Let k = m - -21. What are the prime factors of k?
7
Let s be 3/3*-18 - -2. List the prime factors of s/6*(-9)/6.
2
Let q(d) = 59*d**3 - d**2 + d. List the prime factors of q(1).
59
Let k be (2/(-4))/((-5)/30). Suppose 8*s - 163 = 3*s - c, -k*c + 105 = 3*s. What are the prime factors of (s/(-12))/((-4)/18)?
2, 3
Let r be 2/(-2 - 0) + 4. Suppose -7*v = -r*v - 72. List the prime factors of v.
2, 3
Let m = 27 + 125. What are the prime factors of m?
2, 19
Suppose o + o = 66. Let l(q) = -2*q - 4. Let n be l(-4). List the prime factors of o/n - 3/12.
2
Let j be (-1)/2 - (-10)/4. Let r be (j - 1)/((-2)/6). List the prime factors of r - -14 - (-1 - -2).
2, 5
Let c = -126 - -178. List the prime factors of c.
2, 13
Suppose -46 + 6 = -4*j - 5*c, -5*j - 5*c = -55. Suppose -3*q = 2*q - j. Suppose -2*s + 26 = 4*a, q*a - 7 = 5. List the prime factors of s.
5
Let s(m) = -13 + 7*m + 1 + 0*m - 2*m. What are the prime factors of s(6)?
2, 3
List the prime factors of (72/14)/((-2)/(-14)).
2, 3
Let o be (2 - 3)/(1/4). Let y(j) = j**2 + 7*j + 6. Let p be y(o). List the prime factors of ((-39)/p)/((-2)/(-4)).
13
Suppose 0 = -2*u - 0*u + 6. List the prime factors of u.
3
Let h be (1/(-3))/(2/(-12)). Suppose 0 = l + h*l. Suppose 0 = -c - o + 3*o + 18, -c + 3*o + 22 = l. What are the prime factors of c?
2, 5
Suppose 0 = 5*z - d - 4, -3*z + 4*d = 2*d - 8. Suppose 4*u - 5*r + 9 = 0, 3*u + z*r = -r + 17. List the prime factors of u.
2
Let t(x) = 44*x + 4. What are the prime factors of t(6)?
2, 67
Suppose 0 = -2*f + 26 + 20. Suppose 49 = 4*z - f. What are the prime factors of z?
2, 3
Let r(h) = h**2 - 7*h - 12. Let a be r(9). Suppose -12 - 54 = -4*v - 3*n, -5*v = -n - 73. Let q = v - a. What are the prime factors of q?
3
Let g(j) = -j + 11. Let f = -2 + 6. Let o be f/10*(18 + -3). What are the prime factors of g(o)?
5
Suppose -z - 351 = -5*p, -4*z + 6 = -3*p + 203. What are the prime factors of p?
71
Suppose 0 = 3*a - 3*n - 576, -4*a + 3 + 741 = 4*n. List the prime factors of a.
3, 7
Suppose -2*t = 3*a - 17, -2*a + 4*a + 5*t - 15 = 0. Suppose 0 = v - 2*q + a*q + 7, -q = -v - 3. What are the prime factors of (2 + (-2)/v)*2?
5
Suppose -15*x + 11*x = 208. Let k = -37 - x. What are the prime factors of k?
3, 5
Let v be (20/25)/((-1)/(-5)). Suppose v*q - r - 29 = 0, 3*r - 1 = -0*q + q. What are the prime factors of q?
2
Let x be 105/20*32/3. Suppose -f + x - 1 = 0. List the prime factors of f.
5, 11
Let y be (3/2)/(3/38). Suppose -36 - y = -j + 2*g, -5*j = 5*g - 215. List the prime factors of j.
47
Let c(k) = k**3 - 2*k**2 - 5*k. Let u be c(4). Let y = u - 7. What are the prime factors of y?
5
Let p be (-65)/7 + (-2)/(-7). What are the prime factors of 2*p/6 + 23?
2, 5
Let c(v) = v**2 + 7*v - 2. What are the prime factors of c(4)?
2, 3, 7
Let c = 111 - 64. What are the prime factors of c?
47
Let y(s) = s**3 + 20*s**2 - 3*s + 14. List the prime factors of y(-20).
2, 37
Suppose 1 - 25 = -4*b. Suppose -4*a = -10 - b. Suppose a*s - m - 27 = 0, -2*s + 0*m - m + 21 = 0. What are the prime factors of s?
2
Let w(d) be the second derivative of 2*d**3/3 - 3*d**2 - 8*d. What are the prime factors of w(11)?
2, 19
Let h = 5 - -6. Let y = 4 - h. Let j = 10 - y. What are the prime factors of j?
17
Let j(q) = -2*q**3 - q**2 - q + 2. Let h be j(-2). List the prime factors of h/1 - (-4)/(-2).
2, 7
Suppose -701 + 45 = -8*m. List the prime factors of m.
2, 41
Let a = -10 - -25. What are the prime factors of a?
3, 5
Suppose -4*w - 32 = -i - 7, w + 10 = 4*i. Let m(x) = x**2 + 7*x + 7. Let h be m(w). List the prime factors of (13 - h)*2/4.
2, 3
Let i(a) = 10*a - 10. List the prime factors of i(3).
2, 5
Suppose -5*m - 25 = -0*m - 5*d, d = -5*m + 5. Let x = -8 + 12. Suppose m = -4*o + c + 3, 4*o + 0*c + x*c = 28. What are the prime factors of o?
2
Let f = 14 + -10. What are the prime factors of f?
2
What are the prime factors of 182/4 - 16/(-32)?
2, 23
Let w be (-4)/6*15/(-10). Suppose -2*l = -w - 11. Suppose -n = -1 - l. What are the prime factors of n?
7
Let g be (1/2)/((-1)/(-4)). Suppose 9 = g*m - 9. Suppose m*f - 4*f = 75. What are the prime factors of f?
3, 5
Suppose -3*u - 9 = -5*d, -3*u + 3*d = u + 1. List the prime factors of u + 1/(-1) + 9.
2, 5
Suppose -5*b - 15 = 0, -2*o + 4*b - 2*b = -10. Suppose -r - 7 = -o*w, -4*r = -w - 0*r. Suppose -2*p + 5 = -j + 1, 4*j - 4 = w*p. List the prime factors of j.
2, 3
List the prime factors of (-16)/(-24) + 310/3.
2, 13
Let w(d) = 2*d**2 + 2. Let q be w(2). Let n = q + 13. What are the prime factors of n?
23
List the prime factors of -1*(-44 + 0 + 1).
43
Suppose -5*z + 34 = 2*i - 10, 0 = i - 2. Suppose 3*w + 3*g - 11 = -w, 0 = -w - 5*g + 24. Let v = z + w. List the prime factors of v.
7
Let f = -6 + 13. Suppose 0 = d + 3*l + f, -5*d + 32 + 1 = -2*l. Suppose 3*c + 15 = 0, x - d*c = -3*x + 53. What are the prime factors of x?
7
What are the prime factors of 642/12 - 3/(-2)?
5, 11
Suppose 4*n - 12 = 68. What are the prime factors of (52/(-10))/((-8)/n)?
13
Suppose 72 = 4*z + 4*q, z - q - 2 = 20. List the prime factors of z.
2, 5
Let b(r) = 2*r**2 - 8*r + 8. Suppose 3*k - 26 = -4*q, -2*k = -0*k + 2*q - 16. List the prime factors of b(k).
2
Suppose 4*w = 7*w. Let u = 21 + -5. Suppose w = 4*v - u, 3*v - 18 = -2*a + 2*v. List the prime factors of a.
7
Suppose -2*l = a - 269, -4*l + 535 = -4*a + 3*a. What are the prime factors of l?
2, 67
Suppose v - 5*v = 3*f - 38, -3*v + 5*f = -14. List the prime factors of v.
2
Let y be (-1)/(0 - -1) - 3. Let k be (-19)/2 - 2/y. Let p(b) = b**2 + 8*b - 6. List the prime factors of p(k).
3
Let f be 2 + (-3 - (-2 - 3)). Let t(n) = n**3 - 3*n**2 - 2*n + 7. List the prime factors of t(f).
3, 5
Let i(n) = n**2 + 2*n - 8. Let j be i(0). What are the prime factors of ((-4)/j)/((-2)/(-56))?
2, 7
Let h = 7 + 2. Let k = h + 15. List the prime factors of k.
2, 3
Suppose -n - 2 = -o, 3*o + o + 3*n - 36 = 0. What are the prime factors of (18/15)/(o/40)?
2
Let r(u) = 2*u**3 - 3*u**2 + u - 2. Let j be r(2). Let o(q) = q - 2. Let d be o(j). Suppose -a - 51 = -5*b - d, 5 = 5*a. What are the prime factors of b?
2, 5
Suppose -5*n - 5*o + 2*o = -115, 3*o = -3*n + 75. Suppose -3*a = -2*v - 0*a + 14, 4*v - n = 4*a. List the prime factors of ((v - 0) + -3)*-5.
2, 5
Suppose d - 4 = 2*a + 1, -2 = d + 5*a. Suppose h + f - 17 = 0, -h = -d*h + 5*f + 34. List the prime factors of h.
17
Let j(b)